is the units digit of g?
5
Let f(u) = 2*u + 4*u - 2*u + 0*u**2 - u**2. What is the units digit of f(2)?
4
Suppose -5*z - 6 = 3*l, 8 = -0*l - 4*l + z. Let r be 2 + -1 - 2/1. What is the units digit of (2 + l + -7)*r?
7
Suppose -n = -4*c + 409, c - 4*n - 94 = -n. What is the units digit of c?
3
Let k(v) = 2*v**2 - 10*v + 10. Let c be k(7). Suppose 11 = 3*n + c. Let x(a) = a**2 + 8*a. What is the units digit of x(n)?
9
What is the units digit of (-1 + 3 + 1)*9?
7
Let l(n) = -n**3 + 7*n**2 + 7*n + 1. What is the units digit of l(7)?
0
What is the units digit of 1*(1 - -3) + 1?
5
Let t(h) = h**3 + 3*h**2 + 2*h + 2. Let y be t(-2). Suppose -5*b - 68 - 52 = -5*p, -y*b - 77 = -3*p. What is the tens digit of p?
2
Suppose 52 = 2*b + 3*t - 53, -3*t = 4*b - 195. What is the tens digit of b?
4
Let x(b) be the third derivative of -b**4/3 - b**3/2 - 3*b**2. What is the tens digit of x(-2)?
1
Suppose 87 = 20*o - 17*o. What is the tens digit of o?
2
What is the tens digit of (24/9)/(2/15)?
2
Suppose 5*v - h = 69, 5*v - 2*h - 73 = -0*h. What is the units digit of v?
3
Let p(y) = -16*y + 5. Let m(s) = 5 - 5*s - 2 - 1. Let q(f) = 8*m(f) - 3*p(f). What is the units digit of q(2)?
7
Let r(k) be the third derivative of -k**5/60 + k**3/3 + 3*k**2. What is the units digit of r(0)?
2
Let i = 183 + -46. What is the hundreds digit of i?
1
Let f(i) = i + 176*i**2 + 3*i**3 + i - 177*i**2 - 2. What is the tens digit of f(2)?
2
Suppose -23 + 311 = 2*c + 3*d, 3*c - 433 = -5*d. What is the tens digit of c?
4
Suppose 148 = 2*b + 3*x, 3*x + 113 = -3*b + 329. What is the units digit of b?
8
Suppose 5*q - 1015 = -5*l, l - 3*q + 0*q = 223. What is the hundreds digit of l?
2
Suppose -2*w + 11 = 3, 2*b + 4*w - 14 = 0. Let j = 0 - b. What is the units digit of j?
1
Let y(h) = -h**3 - 2. Let d be y(0). Let b be (-2 - d*2) + 25. Suppose -b = -4*s - 3. What is the units digit of s?
6
Suppose 0 = 6*p - 4*p + 2. What is the units digit of (-1 - (-3 - p))*25?
5
Suppose -3*x = -r + 147, -4*r + 365 + 303 = 4*x. What is the tens digit of r?
6
Let q(g) = -g**3 + 11*g**2 - 9*g - 8. Let d be q(10). Suppose d*n - 6 = n + 4*h, -5*n + 6 = 4*h. What is the units digit of n?
2
Let m(j) = -j + 1. Let z = -4 + 0. What is the units digit of m(z)?
5
Let f(v) = v**2 - 2*v + 1. Let a be f(3). Suppose 0 = a*x - 12 - 0. What is the units digit of x?
3
Suppose 0 = -3*r + 2*r. Suppose r*o = -o + 10. What is the units digit of o?
0
Suppose -m - c + 5*c + 60 = 0, 3*m - 201 = 5*c. Suppose -m = -6*x + 2*x. What is the units digit of x?
8
Let o = 39 - 33. Let l be (1/2)/(2/(-8)). Let i = l + o. What is the units digit of i?
4
Let v = 146 - 37. What is the units digit of v?
9
Suppose 57 = 3*l + 3. Suppose j - 19 = 2*p + p, -2*j = -p - l. Suppose -w + j = -0*w. What is the units digit of w?
7
Let l(z) = -z - 1. Let r be l(-1). Suppose r = -0*p - 5*p + 235. What is the tens digit of p?
4
Let h(m) be the second derivative of m**5/10 - m**4/6 + m**3/3 - m**2 - 4*m. What is the tens digit of h(2)?
1
Suppose -3*a = -7*a + 12. Suppose -a*d + 49 = -14. What is the units digit of d?
1
Suppose 6 = c + 2*c. Let a = 3 + c. What is the units digit of a?
5
Let n(i) = 16*i**2 + i + 7. What is the tens digit of n(-4)?
5
Let n be -1*(2*-1 - 1). Suppose -f + n*k - 25 = -2*f, -4*f - k + 56 = 0. Suppose -3*r + 4*r = 4*t - f, 4*t + 4*r = -12. What is the units digit of t?
2
Let q(j) = 3 + j - 3*j + 3*j. Let g be q(4). Suppose 0 = 4*z + 16, 0 = -d - 2*z + g*z + 25. What is the units digit of d?
5
Let m = 9 - 3. Suppose -m*g + 4*g = -2. What is the units digit of g?
1
Suppose -2 = 2*w - 4. Let k be 6*(-4)/(-6)*w. Suppose -k - 4 = -n. What is the units digit of n?
8
Let c(t) = -35*t - 4. What is the tens digit of c(-2)?
6
Let a(c) = -c - 11. Let x be a(-11). Suppose 0 = d - x - 6. What is the units digit of d/27 - (-61)/9?
7
Let l = -1 + 15. Let z be (-282)/(-7) + (-4)/l. Suppose -4*h + 4*t + z = 0, -3*h + 5*t + 27 + 7 = 0. What is the units digit of h?
8
Suppose 0 = 2*v - 3 - 5. Suppose v*j - 52 = 5*x - 8, -2*x = 3*j - 33. What is the tens digit of j?
1
Suppose h - 475 = -5*z - 4*h, 4*h - 473 = -5*z. What is the units digit of z?
3
Suppose 2*g + 0*g = 70. Suppose 9 + 6 = 3*y - 3*j, -g = -y - 5*j. What is the units digit of 68/y - (-3)/15?
7
Suppose 0 = -0*z + 5*z - 155. What is the units digit of z?
1
Let c(n) = 2*n + 9. Let i(b) = -2*b - 10. Let d(u) = -5*c(u) - 6*i(u). What is the units digit of d(11)?
7
Let v(c) = c**2 + 3*c + 3. Let b be v(-7). Suppose -2*i = -33 - b. What is the units digit of i?
2
Let g(f) = 4 - 2*f**2 - f**3 + 2*f**2 - 2 + 2*f. Let j be g(-2). Suppose -2*a + 3*k = -10, 5*a + k + k = j. What is the units digit of a?
2
Let v(f) = -6*f - 6. What is the units digit of v(-5)?
4
Suppose 0 = -5*l + 2944 - 769. What is the tens digit of l?
3
Suppose -4*c + 36 = 4*n, 9 = -n - 3*n + 5*c. Suppose -2*f - 12 = -n*w, 3*f + 0 = -6. Suppose 0 = -b - 3, -107 = -3*z - w*z + 4*b. What is the tens digit of z?
1
Suppose 0*d - 5*d = -w + 11, -5*d + 115 = 5*w. What is the tens digit of w?
2
Let n(u) = 13*u**2 - 1. Suppose 4*b - 5*i - 9 = 12, -2*b - 5*i - 27 = 0. What is the tens digit of n(b)?
1
Suppose d = 5*s + 5*d - 33, -5*d + 30 = 5*s. Suppose 2*v + 1 = s. What is the units digit of v?
4
Suppose 3*r - 108 = -6. What is the units digit of r?
4
Let m(g) = 3*g**2 - g - 1. What is the tens digit of m(3)?
2
Let x(a) = 3*a**3 - 4*a - 1. Let l be x(4). Suppose s = -0*s + 5*g + 12, -5*s + 2*g = -l. What is the tens digit of s?
3
Suppose 4*t = 2*o + 10, 4 = t - o + 1. Suppose -3*n + 21 = 4*m, -t*m + 13 = 4*n - 5. Suppose -3*u + 0*u + m = 0. What is the units digit of u?
1
Let q = 20 - 17. Suppose -4*r + q*r + 19 = 0. What is the units digit of r?
9
Let i(y) = y**3 + 8*y**2 - 2*y - 12. Let t be i(-8). Suppose 5*u = 2*s - 32, 3*s - 34 = -t*u + 14. What is the tens digit of s?
1
Let b(m) = 14*m + 10. What is the units digit of b(1)?
4
Suppose 136 - 532 = -4*j. What is the units digit of j?
9
Suppose -h = -4 + 2. Suppose 46 = h*r + 8. Let a = r + -2. What is the tens digit of a?
1
Let c(p) = p**2 + 3 + 5*p**2 + 3*p - 4*p**2. What is the tens digit of c(-3)?
1
Let u(l) = -l**2 - 3*l + 8. What is the units digit of u(-4)?
4
Let n(j) = -j - 1. Let h(i) = 3*i - 13. Let q(a) = -h(a) + 6*n(a). What is the tens digit of q(-3)?
3
Let b = -8 - -11. Suppose 0 = -5*n + 4*c + 36, -b*n + c + c = -20. What is the units digit of n?
4
Let u be (9/(-3))/(6/16). Let t = -5 - u. Suppose -2*m - t = -3*m. What is the units digit of m?
3
Let y(l) = -l**2 - 5*l + 4. Let b be y(-6). Let i be 7 - b - 12/4. Suppose 14 = -5*j + i*j. What is the tens digit of j?
1
Suppose 2*h = -3*h + 10. Suppose 5*w - 13 = o, 0 = -o - 2*o + h*w. What is the units digit of o?
2
Suppose 60 = 5*z - 2*z. What is the units digit of z?
0
Suppose 2*o = -0*o + 26. What is the units digit of (-2)/(-4)*o*2?
3
Suppose 4*r = 2*o - 12, -3*o - o = r - 6. Suppose -y = o*y. Suppose -5*p + 11 + 9 = y. What is the units digit of p?
4
Let p(i) = i**2 + 9*i + 5. Let c be p(-8). Let u = 4 + c. What is the units digit of u?
1
Let p be 8/(-16) + (-26)/(-4). What is the tens digit of (p/9)/(4/120)?
2
Let y be (1 - 2)/((-5)/(-20)). Let p(u) = 11*u + 8. Let s(n) = 5*n + 4. Let m(f) = 2*p(f) - 5*s(f). What is the units digit of m(y)?
8
Suppose -5*j - p + 230 = -2*p, 5*p - 20 = -j. What is the units digit of j?
5
Let x(j) = -2*j - 12. Suppose -3*g = 0, -s - 4 = -3*g + 4. Let a be x(s). Suppose 7 = a*n - 17. What is the units digit of n?
6
Let l = -71 - -100. What is the units digit of l?
9
Suppose -2*k + k = 5*v - 370, v + 3*k = 74. What is the tens digit of v?
7
Let p = 5 - 3. Suppose -5*q = o - 4, -3*q - 4*o = -0*q - 16. Suppose q = p*h - 4*g + 4, 3*g - 12 = -g. What is the units digit of h?
4
Let r = 73 - -93. What is the tens digit of r?
6
Suppose -3*y - 20 = -86. What is the units digit of (-110)/(-4) + 11/y?
8
Let k(v) = 5*v**3 - 7*v**2 - 6 - 3*v - 3*v**3 - 3*v**3. Let t be k(-8). What is the tens digit of t/5 - 4/10?
1
Let t(d) be the second derivative of -d**4/12 - 11*d**3/6 - 2*d**2 - 5*d. What is the units digit of t(-10)?
6
Let q(j) = -54*j - 28. What is the tens digit of q(-5)?
4
Suppose 9 = 3*r, -4*g = 3*r - 0*r - 25. Let d be g/(24/9)*4. Suppose 2*w + 2 = d. What is the units digit of w?
2
Suppose 1